(-1506)/20)/((-66)/(-55)) prime?
True
Suppose 4*x - 4*n + 836 = 2492, 3*n = -2*x + 853. Is x composite?
False
Suppose -5*l - 5*l + 8790 = 0. Is l a prime number?
False
Suppose 4*z + 2*z - 16458 = 0. Is z a prime number?
False
Let h(w) = w**2 + 5*w + 3. Let p be h(-3). Is (-2)/p + 265/3 composite?
False
Suppose -22*d = -28*d + 546. Is d a composite number?
True
Let k = -1 + 3. Suppose 10 = k*y - 0*y. Suppose 0 = -2*i - y*l + 514, -514 = -i - i + 2*l. Is i a prime number?
True
Let k(m) = 5*m - 3. Let q be k(-5). Let h = -11 - q. Suppose 4*r - 5*p - h = 2*r, 4*r + 2*p = 46. Is r composite?
False
Let t(q) = q**2 + 5*q + 1. Let x be t(-7). Suppose 3*h = -5*r + h + 599, -2*r + 232 = -3*h. Suppose 2*s - 3*k - r = -6*k, 3*k = -x. Is s composite?
False
Let w = -87 - -164. Is w prime?
False
Let d(o) = -4*o - 14. Is d(-7) composite?
True
Let u(j) = -9*j + 2. Let i be u(-2). Suppose -6*t = -t - i. Suppose -3*k - 3*d + 87 = 0, 115 = k + 2*k - t*d. Is k composite?
True
Let z(m) = -4 + 8*m**3 - 2*m**3 - 6*m + 13*m - 6*m**2 + 0. Is z(5) composite?
False
Let h(r) be the second derivative of r**3/6 + 9*r**2/2 + 2*r. Let y be h(-5). Let x(b) = 3*b - 6. Is x(y) prime?
False
Let d(x) = -x**2 - 7*x + 10. Let l be d(-8). Suppose -2*r - 4*w = 3*r + 11, -r = l*w + 7. Is r/(2/4) - -19 prime?
False
Let t be 2/6 + (-33)/(-9). Suppose t*c - 97 = 91. Is (-2 + 3)/(1/c) a prime number?
True
Suppose 4*m - 5 - 15 = 0. Suppose -j - 212 = -m*j. Is j composite?
False
Is (-958)/(-18) + (-6)/27 a composite number?
False
Let m(z) = 0 + 8*z - 2*z - 6 + 1. Is m(4) a prime number?
True
Suppose 1 = 2*a - 5. Suppose 2*h + 354 = a*l - 95, l + h = 148. Is l prime?
True
Let v = 7 - 5. Suppose -3*k = -5*l - 2*k + 21, v*l - 13 = 5*k. Suppose 3*t - 29 = -c, c + l*c + 5*t = 125. Is c a composite number?
False
Suppose -6*v = -v. Suppose v*o = o - 54. Suppose 2*c - 10 = 4*f + 26, -5*c + f = -o. Is c a prime number?
False
Suppose -2*q + 3*n + 673 - 141 = 0, 2*n - 785 = -3*q. Is q a prime number?
True
Suppose 3*h = -10*h + 1079. Is h a prime number?
True
Let p = 11 + -7. Suppose 0 = -3*z + 4*z - 118. Suppose 0 = p*f - 2*f - z. Is f a composite number?
False
Let w be (-1)/((-1)/(-8)) + 2. Let m = -4 - w. Suppose 0 = d + m*d - 345. Is d a prime number?
False
Suppose -3*m - 1659 = -3*a, 5*m - 560 = -2*a + 574. Is a composite?
False
Let d = 0 + 0. Let r be 0 + d + (-4 - -9). Is (-272)/(-20) - (-2)/r prime?
False
Let g = 92 - 142. Let b = 72 - g. Is b prime?
False
Suppose -11698 = -4*z + 4*s + s, 0 = 5*z - 2*s - 14631. Is z composite?
False
Let y(l) = 2*l**3 - 6*l**2 + 5. Suppose -4*f - m - 22 = -0, 5*f + 3*m = -24. Let i = f - -10. Is y(i) a composite number?
False
Suppose -2*h - 2*h = 0. Is (2 + h)/((-8)/(-52)) prime?
True
Is (-2)/8 - (-14748)/48 composite?
False
Let t(z) = -3*z**3 - 10*z**2 - 6*z + 9. Is t(-8) composite?
False
Let f = -292 - -435. Is f prime?
False
Let o = 1921 - 780. Is o a prime number?
False
Suppose 0 = -2*h - 4*r + 2, 2*r - 2 = 3*r. Suppose 2*c = 2*g + 4*c - 16, -2*c - 12 = -h*g. Suppose g*x + 0*x = 188. Is x a prime number?
True
Suppose 3*x = 5*i + 143, 2*i - 7 + 73 = -x. Is 0 + (-2)/2*i composite?
False
Is (-1)/((-30)/4285) + 1/6 prime?
False
Suppose 0 = -4*o + 3*o - 3*t + 36, 0 = 4*o + 2*t - 94. Is o a composite number?
True
Let w be (-1)/(1/(-1 + 52)). Let h = -15 - w. Let d = 50 - h. Is d a composite number?
True
Let j(g) = 181*g**3 + 2*g**2 - g. Let w be j(1). Suppose 5*u - 3*u - w = 0. Is u a prime number?
False
Let f(w) = 102*w**2 + 2*w - 1. Is f(3) a composite number?
True
Let x be (0/(-1) - -5)*-8. Let p = 146 + x. Is p a prime number?
False
Let f = 10 - 4. Let s = 10 - f. Suppose 7*o - s*o = 381. Is o prime?
True
Suppose -3*a + 2*r + 707 = 0, a = -2*a + r + 709. Is a prime?
False
Let h(y) be the third derivative of 3*y**4/2 + y**3/6 - 2*y**2. Is h(1) composite?
False
Let f(k) = -6*k + 1 - 8*k - 16*k - 25*k. Is f(-4) a composite number?
True
Suppose 0*w + 4*w - 11842 = 5*v, 2*w - 5920 = 3*v. Is w composite?
False
Let f be (-1)/(-2)*(20 + -6). Let l(k) be the second derivative of 2*k**3 - 7*k**2/2 + 2*k. Is l(f) prime?
False
Let c be (26/6)/((-1)/(-60)). Let l = c + -33. Let s = l + -138. Is s composite?
False
Let u(p) = p**3 - 2*p**2 - 6*p. Let h be u(6). Let c = h + 695. Is c a prime number?
False
Suppose 0 = 5*a + 397 - 1862. Is a composite?
False
Let h(x) be the third derivative of -3*x**6/40 - x**5/20 - x**4/6 - x**3/2 - 3*x**2. Suppose 0 = 7*p - 3*p + 8. Is h(p) prime?
False
Is ((-1474)/(-33))/(2/21) composite?
True
Let k be (-1 + 15/6)*-2. Let a be (k*1)/(1/3). Is (-2 + a/(-6))*-38 a prime number?
True
Let j(v) be the first derivative of -v**3/3 + 5*v**2/2 - 2*v - 2. Let y be j(4). Suppose -3*a = 5*t - 44 - 97, 5*t - 94 = -y*a. Is a a composite number?
False
Let v(l) = -8*l - 9*l + 4*l - 4*l + 8. Is v(-7) composite?
False
Let m(n) be the third derivative of n**5/20 + n**4/6 + n**3/3 + 2*n**2. Let z be m(-3). Suppose -q = 5*k - 14, 2*q + 2*k - z = 11. Is q a prime number?
False
Let n = -4 + 14. Is n composite?
True
Let b(t) = t**2 + t - 4. Is b(-14) composite?
True
Suppose -11669 = -4*k - 3*o, -1 = 2*o + 9. Is k composite?
True
Suppose -5*n + 552 = 5*u - 2218, n = -3*u + 1668. Suppose -4*z + 121 = -2*h - 321, -4*h = -5*z + u. Is z composite?
False
Let t = 122 - 65. Let s = 34 + t. Is s composite?
True
Let i(k) = 5*k**2 - 12*k + 15 - 2*k**2 + 9*k**2 + k**3. Let w be i(-13). Is (-473)/(-5) - w/(-5) a composite number?
True
Let a(l) = 31*l**3 + 2*l**2 - 4*l + 3. Is a(2) a composite number?
False
Let t = 206 + -88. Is t composite?
True
Suppose 2*a + 3*x - 91 = 0, -2*a + 244 = 3*a + 2*x. Let k be (-2007)/(-27) + 4/6. Let y = k - a. Is y composite?
True
Suppose 7*w - 3*n = 3*w + 415, -2*n - 2 = 0. Let t = w + 76. Is t a composite number?
False
Let z(b) be the second derivative of 31*b**6/120 - b**4/24 + b**3/6 + 3*b**2/2 + b. Let q(r) be the first derivative of z(r). Is q(1) prime?
True
Suppose -5*v - 306 = -2*n, 3*n - 413 = -7*v + 3*v. Suppose 5*x - 252 = n. Let t = -42 + x. Is t prime?
True
Suppose -245 = -6*a + a. Let p = 80 - a. Is p composite?
False
Let o be (-1070)/(-3) + (-6)/9. Is (o/8)/(2/4) a composite number?
False
Let y(c) = 33*c**2 - 2*c - 1. Is y(2) prime?
True
Let y = 61 + 150. Is y composite?
False
Let m(y) = -17*y**3 + y + 2. Let f(v) = -26*v**3 + 2*v + 3. Let p(r) = 5*f(r) - 7*m(r). Is p(-2) composite?
False
Let v(x) = -x**2 + 5*x - 4. Let b be v(3). Let g(t) = -4*t**2 - b*t - t**3 - 1 - t + 5*t. Is g(-5) composite?
True
Suppose -5*q + 1700 + 345 = 0. Is q a prime number?
True
Is (198 + 5 + 0)*1 a prime number?
False
Let s(c) = c**2 - 4*c - 3. Let w be s(-5). Suppose q - w - 13 = 0. Is q a prime number?
False
Suppose t + q = 907, 0*q = -5*t - 3*q + 4543. Is t composite?
False
Let l(u) = -22*u - 37. Is l(-13) a prime number?
False
Let q(n) = -n**2 + 7*n - 2. Let y be q(3). Let h be ((-12)/y)/((-3)/20). Let f(u) = u**3 - 8*u**2 + 2*u + 3. Is f(h) a prime number?
True
Let u be 0 - 3 - (1 - 136). Suppose 2*a - 6*a = -u. Is a composite?
True
Let x(d) = -57*d - 2. Is x(-1) a composite number?
True
Suppose v + v = 4. Is (-6 + 160)/(v - 0) a composite number?
True
Suppose -2*n - 4 = -4*n. Let d = 1 + n. Suppose -d*q + 86 - 29 = 0. Is q a composite number?
False
Let k(a) = a - 12. Let v be k(18). Let j(x) = 55*x + 1. Is j(v) composite?
False
Let r(v) = 6*v**2 + 5*v + 7. Is r(-4) prime?
True
Is 2 - -55 - (0 + 4) a prime number?
True
Let g be ((-84)/10)/((-6)/40). Suppose 2*a - 3*y = -0*y + g, -3*a - 3*y = -69. Is a composite?
True
Let l(y) = -y - 1. Let g(z) = z - 1. Let o(f) = -11*f + 14. Let n(s) = 4*g(s) + o(s). Let x(q) = 5*l(q) + n(q). Is x(-7) a composite number?
False
Let d(b) = 49*b - 5. Let y be d(4). Suppose -2*s - f + 108 = s, -2*f = -5*s + y. Is s a composite number?
False
Let w = 80 - 18. Suppose -d + 27 = -w. Is d prime?
True
Let x = 3298 - 2039. Is x prime?
True
Is 1 - 5*((-2672)/20)/2 a prime number?
False
Let b(n) = n**3 + 6*n**2 - n - 4. Let p be b(-6). Suppose 4*z + 3*a - p*a = 143, -5*z = 3*a - 170. Is z a prime number?
True
Let k(z) = 83*z**2 - 3*z - 7. Is k(-2) a prime number?
True
Let z(o) = -5*o - 6*o**2 - o**3 + 0*o**2 + o - 3. Let n be z(-5). Is -2 + (1 - 3 - n) composite?
True
Suppose p = -w, -p = -4*w - 3*p - 2. Is w*2*-5 - -1 a p